 -1) + 1. Let y be -1*((i - -5) + -32). Let t = 14 + y. What are the prime factors of t?
43
Let n be 20/8 + (-6)/(-4). Suppose -4*h + 28 = 5*m - 2*m, -n*h - 20 = -m. What are the prime factors of m?
2, 3
Let o = -985 - -1713. List the prime factors of o.
2, 7, 13
Let w = -79 - -414. What are the prime factors of w?
5, 67
Let k be (-2 - -3) + -5 + 1. Let q be (-3)/(1 - (5 + k)). Suppose -9 = -q*l + 6. What are the prime factors of l?
5
Suppose -4 + 0 = -4*y. Let s(m) = y + 4 + 2*m**2 + 0 - 3. What are the prime factors of s(-4)?
2, 17
Let k = 463 - 246. What are the prime factors of k?
7, 31
Let x(b) = -b**3 - 15*b**2 - 2*b - 12. Let m be x(-15). Suppose -5*h + 5 = -5*n, 0 = 4*n - m + 6. What are the prime factors of h + -2 + -2 + 6?
2, 3
Let t = -3695 + 6484. What are the prime factors of t?
2789
Suppose -12 = -2*o + o. Suppose a + 3*v - o = -a, 0 = -a + 2*v - 1. Suppose 0 = -r - a, -4*f + r = -f - 9. What are the prime factors of f?
2
Let q(f) = -f**3 + 6*f**2 + 6*f + 1. Let j be q(7). Let w = -15 + 23. List the prime factors of ((-70)/w)/(j/24).
5, 7
Let w = -3 - -6. Suppose -h - w*k - 139 = -2*h, -2*h = 4*k - 268. Suppose 4*q - h = -0*q. List the prime factors of q.
2, 17
Let r be 2/(2/3)*11/(-33). List the prime factors of 122 - ((-24)/(-6))/r.
2, 3, 7
List the prime factors of 5 + (2/(-2) - -358).
2, 181
Suppose 2*p + 14 = 26. Let i be (-39)/(-12) - p/(-8). Suppose 7 = j - i. What are the prime factors of j?
11
Let i be (-39 + 2)*-2*(-5 + 6). Suppose -14 = 6*s - i. What are the prime factors of s?
2, 5
Suppose -68*c = -21*c - 21620. List the prime factors of c.
2, 5, 23
Let g(w) = 18*w**2 - 14*w - 79. List the prime factors of g(12).
5, 7, 67
Let z = 17 + -18. Let a = 59 + z. List the prime factors of a.
2, 29
Suppose 0 = -6*f + 18*f - 4428. List the prime factors of f.
3, 41
Suppose -29*k = 31*k - 1500. Let z = 9 - 5. Suppose m + 5*a = k + 29, a = z*m - 111. List the prime factors of m.
29
Let x = 1 + 3. Let l be (-3)/4 + (-99)/44. List the prime factors of 26 - l/(-12)*x.
5
Let w = -962 - -1109. What are the prime factors of w?
3, 7
List the prime factors of ((-368)/(-16))/23 - (1 - 218).
2, 109
Let b be (18/(-7))/((-24)/112) - 1. Let f(w) = w**3 - 1 - 12*w**2 - 5 + 18*w - 5*w. List the prime factors of f(b).
2
Let k(g) = g**3 - 4*g**2 + 2*g + 1. Let y be k(3). List the prime factors of (y - 87/6)/((-3)/36).
2, 3, 11
Suppose -3*d + 0 = v - 36, 2*v + 6 = 0. Suppose d*x - 319 - 162 = 0. What are the prime factors of x?
37
Let u = -516 + 875. What are the prime factors of u?
359
Let d(c) = 2*c**3 + 19*c - 38*c + 16*c - 1. List the prime factors of d(2).
3
Let y be 46/(-2) + 0 - -2. Suppose 2*z + 2*m = -3*z - 25, 2*z + 4*m - 6 = 0. What are the prime factors of 6/y + (-58)/z?
2
Suppose 3*b - 9*b + 36 = 0. Let x be (-762)/9 + (-2)/b. Let t = -17 - x. What are the prime factors of t?
2, 17
Let j(q) = q**2 + 4*q + 26. Let a be ((-9)/(-2))/((-1)/2). What are the prime factors of j(a)?
71
Suppose -5*c + 6*r + 63 = 2*r, 4*c = 5*r + 54. Let x = c - -20. What are the prime factors of x?
31
Let q(u) = -22*u + 12 + 19*u - 18*u. What are the prime factors of q(-5)?
3, 13
Suppose -12*y - 1431 = -15*y - 2*a, 4*a + 477 = y. What are the prime factors of y?
3, 53
Suppose -2*x = -3*x - 135. Let j be (x/75)/(2/10). What are the prime factors of (156/j + 4)*-3?
2, 5
Suppose -3*b = -b + 5*k + 16, -5*b = -5*k + 5. What are the prime factors of (1032/36)/((-2)/b)?
43
Let j be (45/12)/(-5)*240/(-36). Suppose 0 = a + 2*g - 203, 4*a = j*g + 411 + 466. What are the prime factors of a?
3, 71
Suppose 2*j = 9 + 19. Suppose b = j + 12. Suppose 0*u - b = -u. List the prime factors of u.
2, 13
Let d be 394 + 3/((-15)/10). Suppose 2*h - d = -5*h. List the prime factors of h.
2, 7
Let b = -2735 + 4379. What are the prime factors of b?
2, 3, 137
Suppose 2*z + 12 = w, w + 3*w = -z + 12. Suppose 0 = -3*d + d + 2, w*d + 352 = 4*r. List the prime factors of r.
89
Let b(s) = -2*s + 7. Suppose k = 3*k + 8. Let c be b(k). Suppose 0 = 4*x - 5*t - 150, 2*x - c - 63 = t. What are the prime factors of x?
2, 5
Let n(j) = 413*j - 10. Let p be n(2). Suppose -2*x = -10*x + p. List the prime factors of x.
2, 3, 17
Let x(c) = -5*c**3 + 4*c**2 - 8*c - 18. What are the prime factors of x(-4)?
2, 199
Let z = -7 - -7. What are the prime factors of z/(-1) + 10 + 53?
3, 7
List the prime factors of (909447/(-55))/(-21) + 3/5.
2, 197
Let n(q) = q**3 - 3*q**2 + q - 2. Let g be n(4). List the prime factors of g/54*69/1.
23
Let f be (-5451)/(-33) + (-4)/22. Let g = f + -15. List the prime factors of g.
2, 3, 5
Let b = -303 - -2513. What are the prime factors of b?
2, 5, 13, 17
Let h be (-1 - 1)*(93/(-2) - 8). Suppose f + h = 355. List the prime factors of f.
2, 3, 41
Let p(l) = 3*l - 10. Let g be p(4). Suppose g*x + t = -2*x + 234, x = -3*t + 53. Let s = -32 + x. List the prime factors of s.
3
Let f(l) = -l**3 - 7*l**2 - 2*l + 13. Let m be f(-8). Suppose t - b - 2*b - m = 0, 2*t - 2*b = 178. List the prime factors of t.
3, 29
Suppose 27*c - 2 = 29*c. Let f(w) = -2 + 5*w**2 + 12*w**2 + 3. List the prime factors of f(c).
2, 3
Let a(k) = 46*k**2 - 15*k - 160. What are the prime factors of a(-6)?
2, 13, 61
Let a(w) = -104*w - 4. Let z be a(-1). List the prime factors of (-2482)/(-10) - (-80)/z.
3, 83
List the prime factors of (-105131)/(-78) - (-2)/12.
2, 337
Suppose 2*q - 49 + 196 = -5*r, -4*r + 3*q - 113 = 0. Let h = r - -31. List the prime factors of h.
2
Let w(r) = 13*r - 13. Let t(p) = p**3 - 5*p**2 - 4. Let z be t(5). Let h be w(z). Let j = -14 - h. What are the prime factors of j?
3, 17
Suppose 5*m - 4*h + 4 = -3, 3*h - 5 = 4*m. List the prime factors of (-2)/m + 9/(-9) - -59.
2, 7
Let y(a) = a**2 - 11*a + 58. Let p be y(17). What are the prime factors of (-6)/((2/p)/((-24)/90))?
2
Let f = -470 - -670. Let q = -133 + f. List the prime factors of q.
67
Let j = -292 + 538. List the prime factors of j.
2, 3, 41
Let h(v) = v**3 - 3*v**2 - 8*v + 6. Let p be h(5). Let c be p/(-40)*110/(-1). Suppose c = u + 3*u. What are the prime factors of u?
11
Let d(c) be the second derivative of c**5/20 + 5*c**4/12 - 7*c**3/6 + 3*c**2 - c. Let w be 1 + 2*(-4 + 3) + -5. What are the prime factors of d(w)?
2, 3
Let r(z) = -3*z. Let w be r(-2). Suppose w = -4*v - 2*m, -5*v + m = -0*v + 25. Let d = 14 + v. What are the prime factors of d?
2, 5
Let z = -103 + 105. Let p(o) = 22*o**2 + 2. What are the prime factors of p(z)?
2, 3, 5
Suppose 2*m - 2 = 8. Suppose 0 = m*t + 33 - 293. Suppose 0*g + g - t = -d, 4*g = 0. What are the prime factors of d?
2, 13
Let r be 1*-35 + ((-4)/4)/1. Let z = 22 - r. What are the prime factors of z?
2, 29
Suppose 3*a + 3*f = 13 + 20, -f + 37 = 3*a. List the prime factors of 30/1 + a + -18.
5
Let u(h) = -7*h**2 + 1. Let v be u(1). Let j be (-590)/1 + 0/(-5) + 5. What are the prime factors of (8/12)/(v/j)?
5, 13
Suppose 2*k + 2 = 8. Suppose -36 = -k*w + 3*u, -4*u + 6 = -2. Suppose -2*b = -w - 6. List the prime factors of b.
2, 5
Suppose 0 = -2*g - 0*g - 8. Let p = 3 - g. Suppose 70 = p*j - 2*j. List the prime factors of j.
2, 7
Let i(a) = 327*a - 260. What are the prime factors of i(5)?
5, 11
Suppose 2*j - 104 = -0*j. Let d be 9*(-1)/((-3)/9). Let u = j - d. List the prime factors of u.
5
Let l(a) = a**3 - 21*a**2 - 22*a - 31. Let h be l(22). Let u = 55 - -28. Let b = h + u. List the prime factors of b.
2, 13
Suppose -2*g = -5*v + 3232, 23 - 7 = 4*g. Suppose -3*f - 4*j + 266 = -116, -5*f + v = j. What are the prime factors of f?
2, 5, 13
Let c(l) be the second derivative of -2*l**3/3 + 3*l**2/2 + 7*l. Let w be c(-6). Let r = 44 - w. List the prime factors of r.
17
Let p be (-10)/(-15) + 26/6. Suppose -p*k + 10*k = 560. List the prime factors of k.
2, 7
Suppose -50*r + 6 = -48*r. Let l be 0/(2/(-1 - 1)). Suppose l = -0*d + r*d - 69. What are the prime factors of d?
23
Let b(z) = 7*z**3 - 6*z**2 - 5*z - 67. Let d(y) = 8*y**3 - 7*y**2 - 6*y - 67. Let q(w) = -6*b(w) + 5*d(w). List the prime factors of q(0).
67
Let p(y) = -14*y - 33. Let r(m) = -14*m - 33. Let s(o) = -3*p(o) + 4*r(o). List the prime factors of s(-17).
5, 41
Suppose 8 = 4*r - 0. Suppose -3*o = 3*w - 0*w - 126, r*o = w + 78. What are the prime factors of o?
2, 5
Let k = -38 + 20. Let f = 39 - k. Let q = f - -2. What are the prime 